2 - -1)) + 10.
5
Evaluate -10 + 7 + -6 + 0.
-9
Calculate -1 - 1 - (1 - 3).
0
What is 1 + 2 + -6 - -2?
-1
What is 6 - (10 - 6 - -6)?
-4
What is -1 + (0 - -2) - 6?
-5
0 + -1 + (-2 - -2)
-1
What is (-3 - 1) + 7 - 8?
-5
What is 5 + 1 + 2 + -9?
-1
Calculate -2 + (-4 - -10) + -5.
-1
Evaluate (1 - -2 - 2) + -4.
-3
5 + 2 + 0 + -5
2
Calculate -2 - -3 - -4 - 12.
-7
Calculate (1 - 6) + (-53 - -51).
-7
2 - (-1 - -5) - -4
2
Calculate 5 - (-6 + 7) - 1.
3
What is -7 - -1 - (-20 + 9)?
5
What is the value of 1 + 0 + -2 + 8 + -6?
1
-1 - (-1 + -1) - (-10 - -14)
-3
What is (-6 - -2) + -6 + 15?
5
What is the value of -4 - (-7 - (-1 + 2))?
4
What is -3 - 9 - (-1 + -8)?
-3
What is 1 - (1 - (4 - 9))?
-5
Evaluate (0 - -5 - 9) + 2 + 1.
-1
Evaluate 12 - (-3 - -4 - -4).
7
What is 2 - (15 + -6 + (-3 - 1))?
-3
What is -2 - ((1 - 5) + -2)?
4
Calculate 1 - 0 - (1 + 3).
-3
Calculate (3 + -3 - -2) + -1 + -5.
-4
Calculate 6 + (-10 + 2 - -7).
5
Calculate 1 - (-10 + 9 + 3).
-1
(2 - (0 - 2)) + (-6 - 1)
-3
Evaluate -5 + 0 - (-10 + 5 + -4).
4
What is the value of (4 - 8) + 5 + -3?
-2
What is the value of ((3 - 6) + -1 - -2) + -3?
-5
What is (-4 + 6 - 4) + 3 - 0?
1
6 + 5 + -6 - (2 + 1)
2
What is 4 + 1 + 2 - (13 + 3)?
-9
-4 - (7 - ((6 - 7) + 4))
-8
Evaluate 2 - (7 - -4 - (4 - -1)).
-4
Calculate 1 + (0 - 5) + -2.
-6
(1 + -10 + 1 - -1) + 2
-5
(-10 + 12 - 2) + 7 + -1
6
What is 1 + -1 + (48 - 45)?
3
Evaluate -4 - (-6 + 1 - 0).
1
3 - (16 - (1 + 1 + 4))
-7
What is 0 + -2 - (-7 + -4 + 5)?
4
-1 - 3 - (0 + -8)
4
(4 - 3) + -2 + 2 + -3
-2
Calculate -7 - 2 - (18 + -22).
-5
-3 + -1 + -1 + 7
2
Evaluate 1 - 14 - (-6 + 0 + 0).
-7
7 - (-1 - (3 + -10 + 1))
2
Evaluate -3 + 4 - (-2 + 5).
-2
8 - 12 - -12 - (6 + -1)
3
Evaluate -6 + 0 + 8 + 2 + 0.
4
Evaluate (8 - (-7 + 4 - -14)) + -3.
-6
-6 - (10 - 15) - -6
5
What is -10 + (36 - 34) + (0 - -4)?
-4
-5 - (-6 + (5 + -5 - -1))
0
Evaluate 3 - (-7 + (15 - (-8 + 6))).
-7
(-2 + 2 - 0) + 0 + 1
1
1 + 2 - (1 - (0 + -4))
-2
-1 + -4 + 8 + -5 + 4
2
What is the value of -15 + (1 - -9) - (-3 - -6)?
-8
Evaluate 1 + (-3 - 1) + 5.
2
0 - (8 - -4) - -11
-1
What is -5 - (6 + -13 + 4)?
-2
What is -3 - -2 - (2 + (3 - 6))?
0
Calculate -3 + 1 + -5 + 6.
-1
What is 4 + -5 - (0 + -7)?
6
Calculate (4 - (8 - 1)) + -2.
-5
36 + -28 + -1 + -7
0
What is -5 - (3 - (1 - -4 - 1))?
-4
What is -4 + 5 + 3 + (-4 - -5)?
5
7 + -1 + 6 + -11
1
What is 13 - ((42 - 34) + -1 + -3)?
9
-8 + (1 - 4 - (-77 + 65))
1
2 + -2 - (-7 - -8) - 2
-3
-3 - (3 + (-5 - 1))
0
(-3 - 1) + (-122 - -119)
-7
4 - (4 + 6 + -4)
-2
What is the value of (3 - 6) + (1 - 3 - -1)?
-4
Calculate 7 + (-12 + 0 - (-15 - -8)).
2
-3 + 10 - 4 - -2
5
What is 5 - (-1 - (-7 + 4 - -1))?
4
Calculate (-6 - -20) + -9 + 1 + -7.
-1
What is 0 + (-1 - -11 - 11)?
-1
-1 + -1 + -8 + 7
-3
What is (-4 - (1 + -5 + 6)) + 3?
-3
-9 + (8 - 9) + 3
-7
Evaluate -3 + (-2 - -3 - 2) - -2.
-2
What is the value of -4 + -2 + (5 - -1) - -3?
3
Calculate -5 + 21 - 9 - -1.
8
What is the value of -14 + 7 + (8 - 8)?
-7
What is (2 + 8 - 10) + 10?
10
1 - (6 - (5 - 3))
-3
Evaluate (-1 - 1) + 0 - -2.
0
-1 + (-14 + 3 - -7)
-5
What is the value of 5 + (0 - 5) + -8 + 3?
-5
What is (-2 - (1 + -3)) + 3?
3
Calculate 0 + (5 - (5 - (6 + 2))).
8
Evaluate -5 + -5 + 0 + (8 - 1).
-3
Calculate -1 - 4 - (-5 + 5 + 0).
-5
Evaluate (-2 - 2) + (-2 - -5 - 1).
-2
What is the value of (-10 - (0 + -5 + -3)) + -3?
-5
Calculate -2 + -1 - (-2 + 2).
-3
Evaluate (1 - (-8 + 13)) + 10 + -7.
-1
2 + (-1 - 3 - (1 + -3))
0
-1 + -4 + (2 - -6)
3
What is (2 - (-8 + 2)) + -7?
1
6 + -6 + -10 - -8
-2
What is 7 - 0 - (0 - -9)?
-2
Calculate 1 - (-4 + 0) - 5.
0
-1 + 3 + (-7 - -2) + 2
-1
Evaluate -24 - -26 - (-9 + 5).
6
What is 8 - (41 + -35 + -6 + -1)?
9
What is the value of 1 - 1 - (-40 + 34)?
6
What is the value of -6 - (-6 + 6 + (1 - 3))?
-4
What is the value of 3 + (-3 - (6 + -3))?
-3
What is the value of 2 + -4 - 1 - -5?
2
2 + 0 - (9 + 2 + -14)
5
-1 - (16 + -12 + (-2 - 8))
5
Calculate (6 - ((-8 - -4) + 9)) + -6.
-5
What is the value of 4 + 1 + -1 + 2 + -3?
3
1 + 1 + (-4 - -2)
0
What is 19 + -1 - 9 - 12?
-3
Calculate 2 + -5 + (1 - (0 - -1)).
-3
What is (-2 - 2 - (0 + -4)) + -5?
-5
Calculate (-6 - -1) + -2 + (76 - 75).
-6
-3 + 5 + -8 + (0 - -8)
2
What is the value of 4 + 3 + -6 - (-4 + 2)?
3
Calculate 1 - (1 + (-1 - -4)).
-3
Evaluate (-2 - -2) + -1 - -4.
3
What is 4 - 6 - (-4 - -1) - 3?
-2
What is the value of (7 - (-10 - -26)) + 3?
-6
What is 14 + -4 - 5 - (-2 + 7)?
0
Calculate -3 + -2 + 0 + 2.
-3
What is 1 + -6 + -4 + 10?
1
What is 7 + 0 + -11 + 7?
3
(-1 + 1 - -3) + -5 + 2
0
Evaluate (-11 - -9) + (-1 - 0).
-3
What is (8 - 4) + 5 + -15?
-6
5 + (3 - 2) + -4
2
Calculate (4 - (-6 + 8)) + 2.
4
-1 - -5 - (17 - 16)
3
Evaluate -4 + -7 + (0 - 2 - -7).
-6
What is 6 + -4 + -2 + 3?
3
What is 16 + -18 - (-2 + -1)?
1
Calculate -1 + -1 + -1 + (0 - -2).
-1
10 + (-5 - 4) + -5
-4
What is (6 - -1) + -7 + 9 + -4?
5
Evaluate (10 - 3 - 5) + -1.
1
Evaluate ((3 - -1) + 0 - 3) + 1.
2
(-3 - (0 - -3)) + 5
-1
Evaluate (-2 - -3) + -11 + (6 - 2).
-6
Evaluate 2 - (3 + 3 + -4).
0
What is -28 + 27 - (-5 + 1)?
3
-12 + -1 - ((-18 - 4) + 14)
-5
Calculate 1 + 3 + 4 + -14 + 14.
8
1 - (-4 + 6 + 3)
-4
(2 - -5) + 0 - 5 - -7
9
Evaluate -3 - ((4 - (7 - 3)) + -7).
4
Calculate -2 + 7 + -15 + 6.
-4
Evaluate -15 - (3 - 18) - (2 - -1).
-3
(5 - 7) + (1 - -3) + -1
1
What is 3 - (7 + 6) - -4?
-6
What is -10 + (8 - 10) + 9?
-3
What is -4 - (1 + (8 - 3 - 7))?
-3
What is the value of 0 + (8 - 3 - 0)?
5
(3 - (0 - 0)) + -4 - 0
-1
(-2 - 1) + 9 + -10
-4
3 + -6 + 8 + -2 - 0
3
1 - 4 - -1 - 1
-3
(3 - 7) + 2 - -6
4
Evaluate -2 - (2 + -1 + -3 - 4).
4
What is -7 + 21 - (2 - (-3 - -2))?
11
Calculate 0 - (2 + -1 - -1 - -1).
-3
Calculate (1 - 3 - (5 - 6)) + 1.
0
What is the value of -1 - (1 + -2 + (3 - 6))?
3
What is (1 - -2) + -7 + (3 - 0)?
-1
Calculate (0 - (-6 - -4)) + -6 + 4.
0
Evaluate 4 + (-4 - (-6 - -5)).
1
Calculate -4 + (11 - (3 + 1)).
3
What is the value of -1 + 4 + -10 + 12 + -5?
0
-5 + 1 + (-5 - (-6 + 2))
-5
What is 4 + -1 + 2 + -9?
-4
What is the value of -45 + 45 + (-4 - -2)?
-2
8 - (-15 - -10) - 6
7
Evaluate 21 - (-13 + 23) - 5.
6
What is 38 + -37 - (-4 - (-1 + 0))?
4
Calculate 3 + (4 - 4 - 2) + 0.
1
1 + (-3 - (4 - 3))
-3
(4 + -5 - (2 - 6)) + 2
5
Evaluate 9 + -5 + -3 + -6.
-5
-2 - (-4 - 0) - (1 - 0)
1
Calculate (-20 - -17) + (1 - 0).
-2
What is 2 - 1 - (6 - 8)?
3
Calculate (4 - 0) + -1 - 3 - -5.
5
9 + -8 - (7 + (0 - 1))
-5
-4 + 1 + (-2 - -2) + -4
-7
What is -6 + 2 + (12 - (2 + 3))?
3
What is 4 + -6 - (-1 + -3 + 3)?
-1
Evaluate (7 - 8) + (0 + -1 - 2).
-4
Calculate 0 + 10 + -2 + -1 + -5.
2
What is the value of -1 - (0 - 1 - (3 - 7))?
-4
What is 3 + (-5 - ((-5 - -6) + 2))?
-5
Evaluate (1 + -4 - (5 - 5)) + 4.
1
What is the value of (-1 - 0) + (-1 - (-3 + 4))?
-3
What is -4 + (-5 - (-3 - -1)) + 4?
-3
What is the value of 0 + (0 - 3) + -5 + 2?
-6
What is -3 + 2 + (1 - 3)?
-3
Evaluate 3 - (-2 + 6 + -6 + 10).
-5
(-5 - -10) + -15 - -16
6
What is the value of (-2 + 2 - 4 - 7) + 8?
-3
Calculate (-5 - 3) + 3 + (1 - 0).
-4
Evaluate 1 - 3 - (9 + (-17 - -12)).
-6
What is -3 - ((6 - 4) + -1)?
-4
What is 1 - -4 - ((5 - 4) + 4)?
0
What is (9 - 14 - -8) + 1?
4
Evaluate 1 + -5 - (-2 + -6 + 7).
-3
(5 - 0) + (-3 - 2) + 1
1
What is the value of 2 - (13 + -6 - 1)?
-4
2 + (-13 - 0) - (-4 + 1)
-8
Evaluate 0 - 9 - (2 + -10 + 7).
-8
What is the value of -28 + 24 - (2 + -9)?
3
Evaluate 6 + -10 + 17 - 6.
7
-1 + (-3 - (4 - 4))
-4
What is 8 + (-2 - (1 - 4 - -4))?
5
Evaluate (-8 - (9 - 18)) + 5.
6
What is the value of 2 + 1 + -3 + 0 - 0?
0
(-9 + 12 - 11) + 7 + 0
-1
-4 - -4 - (-2 + 1) - -4
5
-2 - -3 - (4 - (5 - 2))
0
Evaluate (6 - (6 + 0)) + 3 + -5.
-2
What is the value of 3 + -3 + -6 + (2 - 1)?
-5
What is (-24 - -12) + (-2 - -1) + 4?
-9
4 + (-5 - -10) + (-8 - -4)
5
What is -1 - (3 + 3) - -2?
-5
-1 + 0 - (14 - (-7 - -15))
-7
Evaluate 1 - 1 - (-12 + 7 - -3).
2
What is 2 - (8 + 0 + 3 + -4)?
-5
Evaluate 1 - 1 - (18 - 0 - 25).
7
What is 7 + 0 + -9 + 6?
4
Evaluate (1 - -6) + 6 + -9.
4
Calculate 9 + (1 - 14 - -2).
-2
What is the value of (-13 - (-3 + -2)) + 6?
-2
Evaluate 1 + 2 + -6 + 5.
2
-2 - (-3 + -1) - 5
-3
0 + -3 + 44 + -40 + 2
3
-2 + 2 - (3 + -3)
0
Calculate 2 + -2 - (59 - 65).
6
Calculate 3 + (-1 + (7 - 9) - -8).
8
What is -12 + (-10 - -19 - 8)?
-11
Evaluate 10 + -8 - (1 - 4).
5
(-10 + 8 - 4) + -2
